 Suppose 15*r - h - 101 = 0. What is the highest common divisor of 30 and r?
10
Let v be 18860/138 + (-15)/9. Let q(x) = -43*x - 5. Let l be q(-2). What is the highest common factor of v and l?
27
Let y be 6/22 + 28032/66. Calculate the greatest common divisor of 136 and y.
17
Let w(t) = 23*t**3 - 20*t**2 + 2*t + 9. Let g be w(3). Calculate the highest common divisor of g and 32.
8
Suppose 0 = 57*t + 5*t - 75998 + 28382. What is the highest common divisor of t and 108?
12
Let y be (10 - (6 + 6)) + -403. Let g = -385 - -134. Let p = g - y. What is the highest common divisor of p and 22?
22
Let b be 4/(-8)*(-12 - -2). Suppose -3*y = 3*p - 837, -b*y + 3*p + p + 1422 = 0. What is the greatest common divisor of 6 and y?
6
Suppose 0 = 168*a - 165*a - 93. Let l = a + 53. What is the highest common factor of 3 and l?
3
Let x(k) be the third derivative of k**4/4 - 8*k**3/3 - 103*k**2. Let f be x(6). Calculate the highest common divisor of 50 and f.
10
Let v = 124 + -130. Let h be (-70)/v*114/95. Suppose 0 = 3*o - 61 - 65. Calculate the greatest common divisor of h and o.
14
Let g(m) = m**2 - 8*m. Let y be g(6). Let f be (y/15)/(8/(-180)). Suppose r = -4, -3*w - 3*r - 60 = -7*w. Calculate the highest common divisor of f and w.
6
Suppose -6*h = -1072 - 314. Let y = -200 + h. Calculate the highest common divisor of 124 and y.
31
Let c be (-603)/12*1/(-3) + (-65)/(-52). Calculate the greatest common divisor of c and 1032.
6
Suppose -4*u + 151 = -b, 11*u = -3*b + 6*u - 436. Let l = 275 + b. What is the greatest common factor of l and 96?
32
Let t(f) = 2*f**2 - 9*f + 14. Let c be t(4). Let p(i) = i**2 - 7*i + 26. Let b be p(c). Calculate the greatest common factor of 16 and b.
8
Let p = -11 - -25. Let s = 4600 - 4582. What is the highest common factor of s and p?
2
Suppose 0*o + 2*o = 84. Suppose -7 = -5*d - 22 - 25, 0 = 4*v - 4*d - 1208. Calculate the highest common factor of o and v.
42
Let a be 2/(-3) - 1*11*(-316)/12. Let g(l) = l**3 + 5*l**2 - 4*l - 3. Let i be g(-5). What is the greatest common divisor of i and a?
17
Suppose 4*u + 5*p - 15 = 0, -u + 2*p - 7 + 14 = 0. Suppose u*h - x = 93, -4*x + 60 = 6*h - 2*h. Calculate the highest common divisor of 18 and h.
18
Suppose -45*x = -52*x - 5*p + 68929, 0 = 5*x - 4*p - 49288. Calculate the greatest common factor of 48 and x.
12
Let z = 158 + -152. Let k be 9*6/18 + 1. What is the greatest common divisor of z and k?
2
Let b = -127 + 2971. Suppose 3*g - b = 91*h - 88*h, h = -2. What is the greatest common factor of 22 and g?
22
Suppose 50098 = 3*n - 2*c, -5*n + 9*c + 83485 = 8*c. Suppose 22*i = -3606 + n. Calculate the greatest common factor of i and 35.
35
Suppose -789 = -14*v - 8111. Let r = v - -571. Calculate the highest common factor of r and 208.
16
Suppose -2*p - 985 = 938 - 1991. Suppose a = -1, -2*l - 2*l - a + 5575 = 0. Calculate the greatest common divisor of l and p.
34
Let r be (63/(-4))/((-43)/172). Suppose 447 = 8*s + r. Calculate the greatest common divisor of s and 6.
6
Suppose -83*m + 15*m + 64350 = 4850. Calculate the highest common factor of m and 725.
25
Suppose 10*v - 23 + 843 = 0. Let n = 79 + v. Let u be (-3 + 4)*n*140/(-6). Calculate the highest common divisor of 28 and u.
14
Suppose m - s = -6*s + 342, 5*m - s - 1606 = 0. Let w = 542 - m. What is the greatest common divisor of w and 20?
20
Let w be 0/(-1) + 40/(-2)*-13. What is the highest common divisor of w and 208?
52
Let t be ((-4)/(-30)*9)/((-186)/(-8060)). Let a(b) = 2*b**2 - 5*b + 1. Let v be a(4). Calculate the greatest common factor of t and v.
13
Let p(y) = 12*y**2 + 22*y + 19. Let w be p(-3). Let v = w - 57. Let u = -30 + 74. What is the highest common factor of v and u?
4
Let a(j) = -j**2 - 27*j - 30. Let k be a(-25). Suppose -k*m + 120 = -10*m. Let q = -17 - -41. Calculate the highest common divisor of m and q.
12
Let t be (-3)/((-20)/8 - -2). Suppose 3*g - t*g = 600. Let u = -109 - g. What is the greatest common factor of 13 and u?
13
Let p be -4*7*5/28. Let g be 12 - ((-10)/2)/p. Calculate the highest common factor of g and 473.
11
Suppose 172856 = 233*u + 93015 - 189274. Calculate the greatest common factor of u and 429.
33
Suppose -8*g - 3*g - 257 = -829. Calculate the greatest common factor of 51064 and g.
52
Let k(f) = -f**3 - 6*f**2 + 8. Let v be k(-6). Suppose -853*n + 851*n = 60. Let l be (240/(-56))/(n/560). Calculate the highest common divisor of l and v.
8
Suppose 145*v - 5826 = 119. What is the greatest common divisor of 1107 and v?
41
Suppose -5*y + 139 = 3*c, -3*y = -2*c + 17 + 44. Let a = 18877 - 18782. What is the greatest common factor of c and a?
19
Let c(v) = -4*v**3 + 115*v**2 - 28*v - 89. Let l be c(28). What is the highest common factor of 1071 and l?
51
Suppose p - 2*k = 988, 4*p - 23*k + 24*k = 3970. Calculate the greatest common factor of p and 12.
4
Let h = 236 + -234. Let b(r) = r**3 + 7*r**2 - 8*r + 8. Let k be b(-8). Calculate the highest common factor of k and h.
2
Let k = 30 + -33. Let y be (-2)/9 + k/((-135)/31600). Suppose 9*g - y = 3*g. What is the greatest common divisor of 13 and g?
13
Let y be ((-2)/(-3))/(2*(-2)/(-1080)). Suppose 2*h + 4*h = y. What is the greatest common factor of h and 40?
10
Let q be 0*(1/1)/1. Suppose q*y = -y + 42. Suppose 0 = 5*s + 4*t - 101, -10*s = -13*s + 4*t + 67. What is the highest common factor of s and y?
21
Let x be -2 + -2*745/10. Let y be -4 - 15/5 - x. Calculate the greatest common divisor of 90 and y.
18
Let y be 8 + 37 - (-7 + 0). Let m be (-1)/5 - 1/(-5). Let j = 13 + m. What is the greatest common divisor of j and y?
13
Let z(o) = 85*o + 4. Let v be z(1). Let x = v - 45. Calculate the highest common factor of 22 and x.
22
Suppose 9*n - 127 = 5*n + x, 0 = 2*n - 4*x - 60. Let p(b) = 3*b**2 - 26*b - 13. Let d be p(15). Calculate the highest common divisor of d and n.
16
Let t = -10155 - -10166. What is the highest common divisor of t and 11176?
11
Let v be (-260)/25 - 18/30 - -215. Suppose 0 = -5*k + 2*k + 72. What is the highest common factor of k and v?
12
Let c(j) = 111*j + 3152. Let s be c(-26). What is the greatest common divisor of 154 and s?
14
Let j be 51/102 + 3/2. Suppose 15*x = -j*x + 68. Calculate the highest common divisor of 10 and x.
2
Let s(c) = -68*c - 5. Let q be s(-2). Let x = 144 - q. Calculate the highest common divisor of x and 52.
13
Suppose 0 = 3*b + 5*m - 9814, -719*b + m - 3270 = -720*b. What is the greatest common factor of 946 and b?
86
Let g = -8355 + 8362. Calculate the highest common divisor of 175 and g.
7
Let f(p) = -p**3 + 2*p**2 + 51. Let h be f(0). Let q = 2 + 3. Suppose b = -q*b + 102. What is the highest common factor of b and h?
17
Let t(x) be the second derivative of x**4 + x**3/3 - 2*x**2 - x. Let m be t(3). Let o = -110038 - -110048. Calculate the greatest common factor of o and m.
10
Let b = 80 - 49. Let r(o) = 2253*o + 27. Let t be r(14). Let m be t/255 - (1/(-5) + 0). Calculate the highest common divisor of b and m.
31
Let u(b) = 20*b**2 - b. Let l(q) = -q**2 - 10*q - 1. Let d be l(-12). Let z = d + 26. Let r be u(z). What is the greatest common factor of 57 and r?
19
Let u(c) = -275*c - 514. Let f be u(-2). What is the highest common factor of 2061 and f?
9
Let j = 69 - 27. Let k(v) = -2*v**3 + 20*v**2 - v + 34. Let d be k(10). Calculate the greatest common divisor of d and j.
6
Let m = 17 - 6. Suppose 0 = 5*z - 10, 7*l - m*l = 4*z - 568. Let v(b) = 2*b**2 + 3*b. Let w be v(-4). Calculate the highest common factor of l and w.
20
Let a = -45 + 45. Let o be 18*14*((-2)/(-6) + a). Suppose 31*w = 34*w - o. Calculate the highest common divisor of w and 70.
14
Suppose 29*f - 246 - 479 = 0. What is the greatest common factor of 275 and f?
25
Suppose 11*b - 14 = 96. Let f be (0 + -4)/((-6)/(-6)). Let g be 40/15*(-30)/f. Calculate the highest common factor of g and b.
10
Let x be 4/3 - (-4026)/18. Let w be 20/6*(-45)/(-6). What is the highest common divisor of x and w?
25
Suppose -3*m + 5*o + 184 = -124, 3*m = -5*o + 268. Calculate the highest common divisor of 1200 and m.
48
Let q be (36/8)/((-3)/8*2). Let m be (-2)/q*18 + 18. Let z = -5 - -65. Calculate the highest common divisor of z and m.
12
Suppose 45*o = 36*o + 18. Suppose 596 = o*c - 4*s, 2*c - 3*s - 722 = -128. Calculate the highest common diviso